{"id":302,"date":"2026-04-22T13:47:03","date_gmt":"2026-04-22T10:47:03","guid":{"rendered":"https:\/\/eckerolink.com\/m-s-fjardvagen-joustavaa-meriliikennetta\/"},"modified":"2026-04-22T14:16:34","modified_gmt":"2026-04-22T11:16:34","slug":"m-s-fjardvagen-joustavaa-meriliikennetta","status":"publish","type":"page","link":"https:\/\/eckerolink.com\/fi\/m-s-fjardvagen-joustavaa-meriliikennetta\/","title":{"rendered":"M\/S Fj\u00e4rdv\u00e4gen &#8211; joustavaa meriliikennett\u00e4"},"content":{"rendered":"<div id='full_slider_1'  class='avia-fullwidth-slider main_color avia-shadow   avia-builder-el-0  el_before_av_heading  avia-builder-el-first   container_wrap fullsize'  ><div  class='avia-slideshow av-mo9xh7jv-0128a7bddbea477d2ca874b68b3056c0 avia-slideshow-featured av_slideshow_full avia-slide-slider av-slideshow-ui av-control-default av-slideshow-manual av-loop-once av-loop-manual-endless av-default-height-applied   avia-slideshow-1' data-slideshow-options=\"{&quot;animation&quot;:&quot;slide&quot;,&quot;autoplay&quot;:false,&quot;loop_autoplay&quot;:&quot;once&quot;,&quot;interval&quot;:5,&quot;loop_manual&quot;:&quot;manual-endless&quot;,&quot;autoplay_stopper&quot;:false,&quot;noNavigation&quot;:false,&quot;bg_slider&quot;:false,&quot;keep_padding&quot;:false,&quot;hoverpause&quot;:false,&quot;show_slide_delay&quot;:0}\"  itemprop=\"image\" itemscope=\"itemscope\" itemtype=\"https:\/\/schema.org\/ImageObject\" ><ul class='avia-slideshow-inner ' style='padding-bottom: 28.666666666667%;'><li  class='avia-slideshow-slide av-mo9xh7jv-0128a7bddbea477d2ca874b68b3056c0__0  av-single-slide slide-1 slide-odd'><div data-rel='slideshow-1' class='avia-slide-wrap '   ><img decoding=\"async\" fetchpriority=\"high\" class=\"wp-image-213 avia-img-lazy-loading-not-213\"  src=\"https:\/\/eckerolink.com\/wp-content\/uploads\/2026\/02\/Fjardvagen-Langnas-1500x430.jpg\" width=\"1500\" height=\"430\" title='Fjardvagen-Langnas' alt=''  itemprop=\"thumbnailUrl\"   \/><\/div><\/li><\/ul><\/div><\/div><div id='after_full_slider_1'  class='main_color av_default_container_wrap container_wrap fullsize'  ><div class='container av-section-cont-open' ><div class='template-page content  av-content-full alpha units'><div class='post-entry post-entry-type-page post-entry-302'><div class='entry-content-wrapper clearfix'>\n\n<style type=\"text\/css\" data-created_by=\"avia_inline_auto\" id=\"style-css-av-mo9xd7pv-9cbdffe4fcea86795a0fa29ff9b153d2\">\n#top .av-special-heading.av-mo9xd7pv-9cbdffe4fcea86795a0fa29ff9b153d2{\npadding-bottom:10px;\n}\nbody .av-special-heading.av-mo9xd7pv-9cbdffe4fcea86795a0fa29ff9b153d2 .av-special-heading-tag .heading-char{\nfont-size:25px;\n}\n.av-special-heading.av-mo9xd7pv-9cbdffe4fcea86795a0fa29ff9b153d2 .av-subheading{\nfont-size:15px;\n}\n<\/style>\n<div  class='av-special-heading av-mo9xd7pv-9cbdffe4fcea86795a0fa29ff9b153d2 av-special-heading-h1  avia-builder-el-1  el_after_av_slideshow_full  el_before_av_textblock  avia-builder-el-first '><h1 class='av-special-heading-tag '  itemprop=\"headline\"  >M\/S Fj\u00e4rdv\u00e4gen &#8211; joustavaa meriliikennett\u00e4<\/h1><div class=\"special-heading-border\"><div class=\"special-heading-inner-border\"><\/div><\/div><\/div>\n<section  class='av_textblock_section av-mo9xgpdp-aec24f91ee4ed8da0d840c779473b94a '   itemscope=\"itemscope\" itemtype=\"https:\/\/schema.org\/CreativeWork\" ><div class='avia_textblock'  itemprop=\"text\" ><h2>Faktat lyhyesti<\/h2>\n<ul>\n<li>Lippu: Ahvenanmaa<\/li>\n<li>Pituus: 157,6 metri\u00e4<\/li>\n<li>Leveys: 25,2 metri\u00e4<\/li>\n<li>Kuormituskapasiteetti: noin 1 500 juoksumetri\u00e4.<\/li>\n<li>Ajoneuvojen lis\u00e4kapasiteetti: enint\u00e4\u00e4n 80 henkil\u00f6autoa<\/li>\n<li>Kirkas korkeus 4,70 m<\/li>\n<li>Matkustajia: 119 henkil\u00f6\u00e4<\/li>\n<li>Hytit: 56 hytti\u00e4, joissa on yhteens\u00e4 120 vuodepaikkaa.<\/li>\n<\/ul>\n<h2>Kapasiteetti ja mukavuus<\/h2>\n<p>Fj\u00e4rdv\u00e4gen tarjoaa runsaasti, noin 1 500 metrin pituisen kuormaustilan, joten se soveltuu hyvin ajoneuvojen ja tavaroiden tehokkaaseen kuljettamiseen. Aluksella on tilaa jopa 80 lis\u00e4autolle, ja laivaan mahtuu 119 matkustajaa.<\/p>\n<p>Pidempi\u00e4 matkoja tai y\u00f6pymisi\u00e4 varten on 56 viihtyis\u00e4\u00e4 hytti\u00e4, joissa on yhteens\u00e4 120 vuodepaikkaa, mik\u00e4 takaa, ett\u00e4 kaikki matkustajat voivat lev\u00e4t\u00e4 hyvin matkan aikana.<\/p>\n<p>Luotettava valinta<\/p>\n<p>Vakaan rakenteensa, hyv\u00e4n kapasiteettinsa ja ahvenanmaalaisten merenkulkuperinteidens\u00e4 ansiosta M\/S Fj\u00e4rdv\u00e4gen on luotettava ja toimiva alus, joka on mukautettu nykyp\u00e4iv\u00e4n merenkulun tarpeisiin.<\/p>\n<\/div><\/section>\n","protected":false},"excerpt":{"rendered":"","protected":false},"author":1,"featured_media":0,"parent":0,"menu_order":0,"comment_status":"closed","ping_status":"closed","template":"","meta":{"footnotes":""},"class_list":["post-302","page","type-page","status-publish","hentry"],"_links":{"self":[{"href":"https:\/\/eckerolink.com\/fi\/wp-json\/wp\/v2\/pages\/302","targetHints":{"allow":["GET"]}}],"collection":[{"href":"https:\/\/eckerolink.com\/fi\/wp-json\/wp\/v2\/pages"}],"about":[{"href":"https:\/\/eckerolink.com\/fi\/wp-json\/wp\/v2\/types\/page"}],"author":[{"embeddable":true,"href":"https:\/\/eckerolink.com\/fi\/wp-json\/wp\/v2\/users\/1"}],"replies":[{"embeddable":true,"href":"https:\/\/eckerolink.com\/fi\/wp-json\/wp\/v2\/comments?post=302"}],"version-history":[{"count":2,"href":"https:\/\/eckerolink.com\/fi\/wp-json\/wp\/v2\/pages\/302\/revisions"}],"predecessor-version":[{"id":304,"href":"https:\/\/eckerolink.com\/fi\/wp-json\/wp\/v2\/pages\/302\/revisions\/304"}],"wp:attachment":[{"href":"https:\/\/eckerolink.com\/fi\/wp-json\/wp\/v2\/media?parent=302"}],"curies":[{"name":"wp","href":"https:\/\/api.w.org\/{rel}","templated":true}]}}

M/S Fjärdvägen &#8211; joustavaa meriliikennettä

<div id='full_slider_1'  class='avia-fullwidth-slider main_color avia-shadow   avia-builder-el-0  el_before_av_heading  avia-builder-el-first   container_wrap fullsize'  ><div  class='avia-slideshow av-mo9xh7jv-0128a7bddbea477d2ca874b68b3056c0 avia-slideshow-featured av_slideshow_full avia-slide-slider av-slideshow-ui av-control-default av-slideshow-manual av-loop-once av-loop-manual-endless av-default-height-applied   avia-slideshow-1' data-slideshow-options="{&quot;animation&quot;:&quot;slide&quot;,&quot;autoplay&quot;:false,&quot;loop_autoplay&quot;:&quot;once&quot;,&quot;interval&quot;:5,&quot;loop_manual&quot;:&quot;manual-endless&quot;,&quot;autoplay_stopper&quot;:false,&quot;noNavigation&quot;:false,&quot;bg_slider&quot;:false,&quot;keep_padding&quot;:false,&quot;hoverpause&quot;:false,&quot;show_slide_delay&quot;:0}"  itemprop="image" itemscope="itemscope" itemtype="https://schema.org/ImageObject" ><ul class='avia-slideshow-inner ' style='padding-bottom: 28.666666666667%;'><li  class='avia-slideshow-slide av-mo9xh7jv-0128a7bddbea477d2ca874b68b3056c0__0  av-single-slide slide-1 slide-odd'><div data-rel='slideshow-1' class='avia-slide-wrap '   ><img decoding="async" fetchpriority="high" class="wp-image-213 avia-img-lazy-loading-not-213"  src="https://eckerolink.com/wp-content/uploads/2026/02/Fjardvagen-Langnas-1500x430.jpg" width="1500" height="430" title='Fjardvagen-Langnas' alt=''  itemprop="thumbnailUrl"   /></div></li></ul></div></div><div id='after_full_slider_1'  class='main_color av_default_container_wrap container_wrap fullsize'  ><div class='container av-section-cont-open' ><div class='template-page content  av-content-full alpha units'><div class='post-entry post-entry-type-page post-entry-302'><div class='entry-content-wrapper clearfix'>

<style type="text/css" data-created_by="avia_inline_auto" id="style-css-av-mo9xd7pv-9cbdffe4fcea86795a0fa29ff9b153d2">
#top .av-special-heading.av-mo9xd7pv-9cbdffe4fcea86795a0fa29ff9b153d2{
padding-bottom:10px;
}
body .av-special-heading.av-mo9xd7pv-9cbdffe4fcea86795a0fa29ff9b153d2 .av-special-heading-tag .heading-char{
font-size:25px;
}
.av-special-heading.av-mo9xd7pv-9cbdffe4fcea86795a0fa29ff9b153d2 .av-subheading{
font-size:15px;
}
</style>
<div  class='av-special-heading av-mo9xd7pv-9cbdffe4fcea86795a0fa29ff9b153d2 av-special-heading-h1  avia-builder-el-1  el_after_av_slideshow_full  el_before_av_textblock  avia-builder-el-first '><h1 class='av-special-heading-tag '  itemprop="headline"  >M/S Fjärdvägen &#8211; joustavaa meriliikennettä</h1><div class="special-heading-border"><div class="special-heading-inner-border"></div></div></div>
<section  class='av_textblock_section av-mo9xgpdp-aec24f91ee4ed8da0d840c779473b94a '   itemscope="itemscope" itemtype="https://schema.org/CreativeWork" ><div class='avia_textblock'  itemprop="text" ><h2>Faktat lyhyesti</h2>
<ul>
<li>Lippu: Ahvenanmaa</li>
<li>Pituus: 157,6 metriä</li>
<li>Leveys: 25,2 metriä</li>
<li>Kuormituskapasiteetti: noin 1 500 juoksumetriä.</li>
<li>Ajoneuvojen lisäkapasiteetti: enintään 80 henkilöautoa</li>
<li>Kirkas korkeus 4,70 m</li>
<li>Matkustajia: 119 henkilöä</li>
<li>Hytit: 56 hyttiä, joissa on yhteensä 120 vuodepaikkaa.</li>
</ul>
<h2>Kapasiteetti ja mukavuus</h2>
<p>Fjärdvägen tarjoaa runsaasti, noin 1 500 metrin pituisen kuormaustilan, joten se soveltuu hyvin ajoneuvojen ja tavaroiden tehokkaaseen kuljettamiseen. Aluksella on tilaa jopa 80 lisäautolle, ja laivaan mahtuu 119 matkustajaa.</p>
<p>Pidempiä matkoja tai yöpymisiä varten on 56 viihtyisää hyttiä, joissa on yhteensä 120 vuodepaikkaa, mikä takaa, että kaikki matkustajat voivat levätä hyvin matkan aikana.</p>
<p>Luotettava valinta</p>
<p>Vakaan rakenteensa, hyvän kapasiteettinsa ja ahvenanmaalaisten merenkulkuperinteidensä ansiosta M/S Fjärdvägen on luotettava ja toimiva alus, joka on mukautettu nykypäivän merenkulun tarpeisiin.</p>
</div></section>
